-22*s = -10*s - 60. Suppose s*v - 1180 = -2*f + 4*f, 5*v = 5*f + 1165. What is the hundreds digit of v?
2
Suppose -15*b = -20*b + 20. Suppose 2 = b*q + 3*r - 2, -3*q - 5*r = -3. What is the units digit of q?
1
Suppose 0 = 108*j - 106*j - 906. What is the hundreds digit of j?
4
Suppose 0*v + 165 = v - 2*r, 4*v + 4*r - 660 = 0. Suppose -2*y + v = y. What is the tens digit of y?
5
Let x(w) = -50*w - 49. What is the units digit of x(-2)?
1
Let a(k) = -k + 9. Let i(f) = 5*f - 36. Let g(m) = -9*a(m) - 2*i(m). Let s be g(-12). Suppose -s*t = -30 - 27. What is the tens digit of t?
1
Let z = 67 - 58. Suppose z*x - 340 = 929. What is the tens digit of x?
4
Let l(y) = -30*y + 92. What is the tens digit of l(-7)?
0
Let v(m) = 7*m**3 - m**2 - 3. Let p be v(2). Let f = p + -20. What is the tens digit of f/((-3 - -5) + -1)?
2
Let q be (-650)/(-12) - 16/96. What is the units digit of (q*(-2)/5)/((-3)/15)?
8
Let x = 14 + -10. Let r = 7 - 7. Suppose 4*s = -4*b + 128, r*b - b - x*s + 44 = 0. What is the units digit of b?
8
Suppose 2*i = t - 5, 0 = -3*i + 2*i + 4*t - 6. Let s(y) = -6*y**3 + y**2 + 6*y + 5. What is the tens digit of s(i)?
4
Suppose 2*l - 4*l + 2454 = -4*y, 5*l - 6149 = -4*y. What is the thousands digit of l?
1
Suppose 2*p = -80 + 776. What is the units digit of p?
8
Suppose 28 + 5 = -3*x. Let n = x + 8. What is the units digit of -4 + (4 - 3/n)?
1
Suppose 0 = -11*c + 7*c + 1120. Let r = -143 + c. What is the hundreds digit of r?
1
Let j(r) = -r**2 - 22*r - 24. Let x be j(-14). Suppose -u + 79 + x = 0. What is the units digit of u?
7
Suppose -9*u + 12 + 15 = 0. What is the hundreds digit of u/(710/695 - 1)?
1
Let h(s) = -3*s - 23. Let p be h(-7). What is the hundreds digit of 477/3 - (6/2 + p)?
1
Let z = -61 + 21. Let t = 32 - z. What is the units digit of t?
2
Let g(b) = 2*b**2 - 46. Let v be g(6). Suppose -828 = -7*z + v. What is the hundreds digit of z?
1
What is the units digit of -3 - ((-120)/4)/5?
3
Suppose -4*s + 73 + 259 = 5*y, -5*y = 3*s - 329. What is the units digit of y?
4
Let f(m) be the second derivative of 11*m**5/20 + m**4/12 + m**3/6 + 9*m**2/2 + m. Let t(g) be the first derivative of f(g). What is the units digit of t(-1)?
2
Let o be 66/8 + 3/(-12). Let i be 3/(-4) - (-6)/o. Suppose 3*j - v - 23 = 0, i = -4*j - v - 2*v + 9. What is the units digit of j?
6
Let d(s) be the first derivative of s**4/4 - 3*s**3 + 7*s**2/2 + 12*s + 2. Suppose -u = 1 - 10. What is the units digit of d(u)?
5
Let k(m) = m**3 - 18*m**2 + 32*m + 3. Let f be k(16). Suppose -f*v - 298 = -5*d + 120, 4*d = 5*v + 337. What is the units digit of d?
3
Suppose 0 = -0*k + 2*k - 5*z + 18, 0 = 3*k + 3*z - 15. Let q be (-1 - k)/((-2)/39). Let c = -5 + q. What is the units digit of c?
4
Let w(j) = -7 + 0*j**3 - 4*j**3 + 7*j**2 + 7*j**3 + j - 2*j**3. What is the units digit of w(-5)?
8
Let m(j) = -2*j**3 - 5*j**2 - 4. Let p be m(-5). Suppose -p + 733 = 6*s. What is the tens digit of s?
0
Suppose 0 = -4*k + 5*j - 17, 3*k + 0*k - 4*j = -14. Let c(n) = -n**3 + 14*n**2 - n + 20. Let p be c(14). What is the units digit of (5/k)/5*p?
3
Let m(k) = -2*k**2 + 20*k + 29. Let x be m(16). Let y = -47 - x. What is the hundreds digit of y?
1
Suppose -3*v = -0*v - 2*t - 17, -4*v + 28 = -4*t. Suppose y + 5*w - 34 = 0, 5*y = 4*w - v*w + 274. What is the tens digit of y?
5
Suppose -d + 3*o + 9 = 4*o, 4*d - 27 = -o. Suppose -d*k - 175 = -11*k. What is the tens digit of k?
3
Let q be -1 + -4*4/(-8). Let r be (q + -2)*4*-4. What is the units digit of (-4)/r + 17/4?
4
Let h be (-2)/((-3)/510*1). Suppose 5*q + 0*q = h. Suppose 0*y = -4*y + q. What is the units digit of y?
7
Suppose -5*t = -7*t + 86. Let j = t - 25. What is the tens digit of (j/(-4) + 3)*-20?
3
Let f(g) = 2*g + g + g**3 + 5 - 6 - 6*g. Let s be f(-5). Let v = -73 - s. What is the units digit of v?
8
Suppose 3*p = m + 4511, 2*p + 430 = m + 3438. What is the hundreds digit of p?
5
Suppose -12*h + 28596 = -22800. What is the units digit of h?
3
Let o(g) = -437*g - 153. What is the units digit of o(-3)?
8
Let k = -85 + 178. What is the units digit of k?
3
Suppose 3492 = -114*z + 120*z. What is the units digit of z?
2
Suppose 0 = 14*v - 1057 - 1757. What is the units digit of (-2 + 8)/(((-12)/v)/(-2))?
1
Let k be (6/9)/(1/(-3)). Let l be (-12)/36 - k/6. Suppose 5*x = -2*q + 116, l*q - 2*q = -6. What is the tens digit of x?
2
Suppose p + 2*p + 28 = 4*n, -3*n = 3*p. Suppose 5*s - 29 = 2*a + 7, 0 = -3*s + n*a + 16. What is the units digit of s?
8
Let u(k) = 1. Let d(q) = 21*q. Let s(g) = -d(g) + 4*u(g). Let a be s(-6). Suppose 2*l = 7*l - a. What is the tens digit of l?
2
Let u(w) = -2*w + 9. Let t be u(7). Let q(o) = -o**3 - 5*o**2 - 4*o - 1. Let g be q(t). Suppose -32 - g = -3*z. What is the tens digit of z?
1
Let a = -1043 + 2281. What is the tens digit of a?
3
Suppose 7*p - 461 = 1. Suppose p = 5*q - 2*q. What is the units digit of q?
2
Suppose 2*v + 3*z = -2*z + 25, -5 = 5*v - z. Let a be -1 - ((v - 6) + 2). Suppose 4*h = 5*m - 94, h + a*h + 72 = 4*m. What is the tens digit of m?
2
Suppose 0 = -v - 2*d + 3*d + 7, 16 = 3*v - 2*d. Suppose v*c - 6*c + 8 = 0. Suppose -c*u + 8 = -u. What is the units digit of u?
8
What is the tens digit of ((-3144)/(-160))/((-15)/(-40))*5?
6
Suppose 0 = -3*y - 9, 87*y = f + 85*y - 53. What is the units digit of f?
7
Let w(v) = v - 37. Let b(r) = r - 37. Let z(p) = -6*b(p) + 5*w(p). What is the tens digit of z(-13)?
5
Let i be (3 + -3)/(4 + -6). Suppose -4*y = i, -5*c = -c - 3*y - 688. Suppose 0 = -2*t - 2*t + c. What is the tens digit of t?
4
Let o = 84 + -191. Let j = o - -189. What is the units digit of j?
2
Suppose -q = -5*g - 33, q = -4*q - g + 35. Let i be (-6)/9 - q/6. What is the tens digit of (90/12)/(i/(-20))?
7
Suppose 0 = j + 4*j - 210. Suppose 0 = 8*k - 39*k + 186. What is the units digit of 364/j - (-2)/k?
9
What is the units digit of (10 + 0)*182/70?
6
Let s be -22 + 2 + -3 + 4. Let x = 34 + s. What is the tens digit of (250/x)/(2/3)?
2
What is the hundreds digit of 15185/(-3 + 11 + -3)?
0
Suppose -8*o - 15334 = -25*o. What is the tens digit of o?
0
Let l(w) be the third derivative of -55*w**4/24 + w**3/2 - 2*w**2. Let t = -172 - -171. What is the units digit of l(t)?
8
Suppose -17*r - 4*r + 2436 = 0. What is the hundreds digit of r?
1
Suppose 4*t + j - 25 = 0, -10*t + 2*j = -7*t - 16. Suppose 18 = 4*p - 382. Suppose 80 = t*x - p. What is the units digit of x?
0
Let g(b) = b**3 + 5*b**2 - 7*b - 2. Let y be g(-6). Let m = y + -2. What is the tens digit of (-1 + m)/(1/14)?
1
Let u(h) = 10*h - 2. Let s be 7 + -7 + (0 - -1). What is the units digit of u(s)?
8
Let v(b) = b - 4. Suppose -h + 21 - 1 = 4*q, -3*q = 4*h - 28. Let t be v(h). Suppose 7 = a - t. What is the units digit of a?
7
Let d be ((-6)/(-4))/(-3)*0. Suppose d = -4*w - 3*l + 172, 2*w - w - 43 = -l. What is the units digit of w?
3
Let r(d) be the third derivative of -d**2 + 1/24*d**4 + 7/6*d**3 + 0*d + 0. What is the units digit of r(-4)?
3
Suppose 4*r = 4*u - 4024, -11*r + 1006 = u - 9*r. What is the units digit of u?
6
Let c(h) = -14*h + 155. What is the hundreds digit of c(0)?
1
What is the thousands digit of (-11)/33 + 16655/15?
1
Suppose a + 116*l - 5706 = 113*l, -2*a + l = -11412. What is the thousands digit of a?
5
Let q(w) = w**3 + 3*w**2 - 4*w - 1. Suppose 4*m + 0*m = -3*l - 14, 2*m - 4*l = -18. Let y be q(m). What is the units digit of 2 + ((-9)/3 - y)?
0
What is the hundreds digit of ((-1448)/10)/(4/(-10))?
3
Let d(k) be the first derivative of -k**3/3 - 10*k**2 - 4*k + 24. What is the units digit of d(-17)?
7
Let p(i) = 20*i - 19. Let m(g) = 20*g - 19. Let a(t) = 2*m(t) - 3*p(t). What is the tens digit of a(-4)?
9
Let l(c) = -c**3 - 5*c**2 - c - 3. Let v be l(-6). What is the tens digit of 1105/v + 4/6?
2
Let t = 966 - -620. What is the tens digit of t?
8
What is the units digit of (2 - (94 - -2))*-5?
0
Suppose 480 = 2*f - 0*f. Suppose -210 = -6*z + f. What is the tens digit of z?
7
Let l be 0/(-3) - (-3 - 11). Suppose 0 = g + 4*g - 185. Suppose 3*m - g = 3*o - o, 2*m = -4*o + l. What is the tens digit of m?
1
Let y(m) = 82*m**2 + 10*m - 70. What is the tens digit of y(-8)?
9
Suppose 6*u = 2*u - 180. Let d = 2 - u. What is the tens digit of d?
4
Suppose 1563 = 2*g - 5*f, g + 3*g - 3196 = -4*f. What is the tens digit